
0
Let l be (-166)/(1/(4/(-8))). Let w = l - 41. Calculate the remainder when w is divided by 11.
9
Suppose 23*q - 19*q - 228 = 0. What is the remainder when q is divided by 12?
9
Calculate the remainder when -22*((-18)/4)/9 is divided by 7.
4
Suppose -12 = -j - j. Calculate the remainder when 29 is divided by (j - 1)/((-5)/(-15)).
14
Suppose -1 - 2 = -i. Suppose w = -4*b - 1, 3*w - 2*b + 0*b = 11. Calculate the remainder when w is divided by i.
0
Let g = 17 - -4. Let c(j) = j**3 - 3*j**2 + 5*j - 3. Let y be (-22)/33 - 11/(-3). Calculate the remainder when g is divided by c(y).
9
Let t = -32 + 44. Calculate the remainder when 33 is divided by t.
9
Suppose 22 - 6 = 4*b. Let f be 3 + (-2)/(-1 - 1). Suppose -b + 56 = f*g. Calculate the remainder when 24 is divided by g.
11
Let d(k) = 6*k**2 + k - 2. Let y = 40 - 20. Suppose 2*g - 2*q = y, -31 = g - 5*g + q. What is the remainder when d(-2) is divided by g?
6
Let l(u) = u**2 + 16*u + 19. Calculate the remainder when (1*-9)/(-4 + 3) is divided by l(-15).
1
Suppose 5*q = 3 - 28, 0 = -4*h - 4*q + 12. Let t(z) = -z**3 + 7*z**2 + 11*z - 19. What is the remainder when h is divided by t(8)?
3
Suppose 0*c = -4*c + 32. Let l(r) = r**3 - 6*r**2 + 2*r + 2. What is the remainder when l(6) is divided by c?
6
Let r be (-12)/((0 + -1)/(-1)). Calculate the remainder when 24/7 - r/(-28) is divided by 2.
1
Suppose 0 = -4*q - 9*q + 624. Calculate the remainder when q is divided by 18.
12
Suppose 5*l - 124 = -34. Calculate the remainder when l is divided by 4.
2
What is the remainder when 33/2 - (-3)/6 is divided by 6?
5
Suppose 2*q = 5*s + 3, -4*q = -4*s + 7 - 19. Suppose -v + 21 = q*w, -2*v + 6*w - w + 3 = 0. Calculate the remainder when 25 is divided by v.
7
Suppose 7*h - 2*h = 60. Suppose 0 = 2*u - 3*v - h - 100, 0 = -2*v + 8. What is the remainder when u is divided by 16?
14
Let u = 34 + -55. Calculate the remainder when 41 is divided by 22*(u/(-6) + -3).
8
Let i be (6/4)/(21/(-28)). What is the remainder when 22 is divided by -1 + (i - 3*-5)?
10
Suppose 86*q - 83*q - 201 = 0. What is the remainder when q is divided by 14?
11
Calculate the remainder when 16 is divided by 22/(1 - 2)*(-6)/12.
5
Let p = -15 - -36. Suppose 3*y - 97 = -5*i + p, 79 = 2*y + 3*i. Calculate the remainder when y is divided by 14.
13
Let m = -3 - -18. Let k be (-1 + -2 + 2)*2. Calculate the remainder when 1 - (-31 + 2 - k) is divided by m.
13
Let u(l) = l**3 - 7*l**2 - 9*l + 20. Calculate the remainder when 45 is divided by u(8).
9
Suppose 0 = -4*k - w + 15, k - w = -4*w - 10. Let c(h) = -h - 1. What is the remainder when k is divided by c(-5)?
1
Let v = 3 + 2. Suppose v*n = 63 + 2. Calculate the remainder when (-37)/(-1)*(-2 + 3) is divided by n.
11
Let j(g) = g**2 + 6*g + 8. Let y(t) = -t**2 + 5*t - 7. Let q be y(5). Let l = 46 + -2. What is the remainder when l is divided by j(q)?
14
Let u(m) = -4*m - 6. Calculate the remainder when 40 is divided by u(-5).
12
Let d(m) = 3*m + 5. Let h be d(-5). Calculate the remainder when 3 is divided by ((-15)/(-25))/((-2)/h).
0
Let q(n) be the first derivative of -5*n**2/2 - n - 1. Let u be q(1). Calculate the remainder when 40/3 + u/(-9) is divided by 5.
4
Suppose 0 = 2*i - 4*s - 18, -4*i + 2*s + 26 = 4*s. Calculate the remainder when 15 is divided by i.
1
Suppose 0 = -8*n + 3*n + 275. What is the remainder when n is divided by 15?
10
Let i(x) = x**3 - 5*x**2 - x - 3. Let m be 1/(2 + (-18)/10). Let b be i(m). Let g = b - -27. What is the remainder when 36 is divided by g?
17
Suppose -3*b = b + 8. Suppose 0 = -27*h + 28*h - 8. Calculate the remainder when 1/(b/(-58)*1) is divided by h.
5
Let c(s) = s**2 + 4*s - 1. Let y be c(-5). Suppose 3*t + 30 = 3*p, 3*p + 0*t = -y*t + 37. Calculate the remainder when p is divided by 4.
3
Let g = 41 + 5. Calculate the remainder when g is divided by 17.
12
Let d be (-10)/(-6) - (-6)/18. Suppose -2*p - d*p = -28. Let f = 35 + -16. Calculate the remainder when f is divided by p.
5
What is the remainder when -2*((-28)/8 - 3) is divided by 5?
3
Let a(l) = -5*l - 3. Let d(u) = -u**2 + 9*u - 7. Let m be d(8). Suppose -16 + m = 3*i. What is the remainder when a(i) is divided by 12?
10
Let r = -2 - -1. Let d = 18 - r. Let c(g) = -g**2 + 6*g + 2. What is the remainder when d is divided by c(4)?
9
Let x be (-4)/(-16) - 22/(-8). Suppose 3*z = -9, -3*n + x*z + 45 = -2*z. Calculate the remainder when n is divided by 2.
0
Let n = 63 - 44. Calculate the remainder when 73 is divided by n.
16
Suppose f + 5*i = 7, -i + 93 = 5*f - 5*i. Suppose -147 = -2*d - 47. What is the remainder when d is divided by f?
16
Let i(h) = h**3 + 4*h**2 + 2*h + 4. Let p be i(-3). Suppose l - p = 10. Calculate the remainder when l is divided by 5.
2
Let j(u) = -10*u**3 - u**2. Let c(b) = b**2 - 7*b + 6. Let z be c(5). Let x = 3 + z. What is the remainder when 33 is divided by j(x)?
6
Suppose 115 = 9*b - 119. Calculate the remainder when 77 is divided by b.
25
Let y(p) = p + 27. What is the remainder when y(-17) is divided by 3?
1
Let z be 2 + (44 - 6/2). Let c be (-3)/(-6)*(1 - 1). Suppose c*v - v = -z. What is the remainder when v is divided by 15?
13
Let i(w) = -3*w - 59. Suppose -6*p + 95 = -p. What is the remainder when p is divided by i(-22)?
5
Suppose -15 = -3*r, -3*u + 2*r + 91 = r. Calculate the remainder when u is divided by (17/(-3))/(3/(-9)).
15
Suppose 15 = y + 2*y. Let m(t) = -t**2 + 6*t + 5. What is the remainder when m(y) is divided by 4?
2
Let q(z) = -5*z - 4. What is the remainder when q(-5) is divided by 12?
9
Suppose 3*i = 11*i - 536. What is the remainder when i is divided by 18?
13
Suppose 3*c - 4*g + 10 = 2*c, 4*c - g - 20 = 0. Calculate the remainder when c is divided by 4.
2
Let m = -147 + 170. Calculate the remainder when 80 is divided by m.
11
Let j(y) = 6*y - 4. Let b be j(-3). Let g = -8 - b. Calculate the remainder when g is divided by 9.
5
Suppose 2*j + 3*j = 0. Suppose j = -0*p + p. Let w = 2 + p. What is the remainder when 2 is divided by w?
0
Calculate the remainder when 2 + (-85)/(-4) + (-3)/12 is divided by 14.
9
Suppose 0*j = 2*j - 32. Calculate the remainder when 2*(-2 + (-75)/(-3)) is divided by j.
14
Let j(d) = -d**2 + 15*d + 3. Suppose -4*c + 26 = -30. Calculate the remainder when 50 is divided by j(c).
16
Let f be (-2)/3 - (-130)/6. Suppose -2*k = -k - f. Suppose 2*p - 54 = -4*t, 5*t + 4*p = -0*p + 75. What is the remainder when k is divided by t?
10
Suppose 4*b - 75 + 7 = 0. Let w be (-320)/18 + 16/(-72). Calculate the remainder when b is divided by (-3 + 7)*w/(-8).
8
Suppose 3*x + 3*m - 42 = 0, 5*m = 3*x + 3 - 37. What is the remainder when 25 is divided by x?
12
Let x(n) be the second derivative of -n**5/20 - n**4/3 + 4*n**3/3 + 2*n**2 + 4*n. What is the remainder when 55 is divided by x(-6)?
27
Suppose -5*g + 3*t + 166 = -10, -g + 2*t = -38. Let m = 42 + -30. What is the remainder when g is divided by m?
10
Suppose -v + 88 = 18. Suppose 0*j - 48 = -2*j. What is the remainder when v is divided by j?
22
Suppose -5*z = -25, -h + 148 = h - 2*z. Calculate the remainder when h is divided by (-2 + 3)*(28 + -1).
25
Let d = 26 - 16. What is the remainder when 32 is divided by d?
2
Let k(r) = -22*r**3 - 2*r**2 + 3*r + 4. What is the remainder when k(-2) is divided by 28?
26
Let o(a) = a**3 + a**2 - a + 19. Calculate the remainder when o(0) is divided by ((-30)/(-9))/(1/3).
9
Let c(t) = -t**3 + 15. Let a(r) = -4*r**3 + r + 2*r**3 + 0*r**3 - 6*r**3 + 1. What is the remainder when c(0) is divided by a(-1)?
7
Let k(z) = z + 2. Let r be k(2). Suppose -r*s - 35 = -4*v - s, -3*s = v - 5. Let o(m) = 3*m - 8. What is the remainder when o(v) is divided by 6?
4
Suppose 5 + 0 = z. Suppose 4*t + 0*t = -5*y + 662, 0 = 5*t - 15. Suppose 5*n - y = -m, 2*n - z*m + 0 = 25. What is the remainder when n is divided by 13?
12
Suppose -3*h - h + 40 = 0. Suppose -j + h = j. Calculate the remainder when (-6)/(-15) + 78/j is divided by 6.
4
Suppose -12 = -0*s + 3*s + 2*h, -12 = 3*s - 2*h. What is the remainder when 14*(-2)/(2 + s) is divided by 5?
4
Let q = 29 - 21. Suppose -w - 8 = 3*i + 4*w, -i + 24 = -5*w. Let g = 19 + i. Calculate the remainder when g is divided by q.
7
Let u be (-15)/(-10)*(-12)/(-9). Suppose 3*h - g - 88 = 0, u*g = -h - 2*g + 51. What is the remainder when h is divide